{"id":17364,"date":"2024-04-15T21:32:27","date_gmt":"2024-04-15T18:32:27","guid":{"rendered":"https:\/\/sahinlergyo.com\/gyo\/?page_id=17364"},"modified":"2024-04-18T01:00:24","modified_gmt":"2024-04-17T22:00:24","slug":"taahhut-hizmetleri","status":"publish","type":"page","link":"https:\/\/sahinlergyo.com\/gyo\/taahhut-hizmetleri\/","title":{"rendered":"Taahh\u00fct Hizmetleri"},"content":{"rendered":"\t\t<div data-elementor-type=\"wp-page\" data-elementor-id=\"17364\" class=\"elementor elementor-17364\" data-elementor-post-type=\"page\">\n\t\t\t\t<div class=\"elementor-element elementor-element-4977ae5 e-flex e-con-boxed e-con e-parent\" data-id=\"4977ae5\" data-element_type=\"container\" data-settings=\"{&quot;content_width&quot;:&quot;boxed&quot;}\" data-core-v316-plus=\"true\">\n\t\t\t\t\t<div class=\"e-con-inner\">\n\t\t\t\t<div class=\"elementor-element elementor-element-f76ace8 elementor-widget__width-initial elementor-widget elementor-widget-image\" data-id=\"f76ace8\" data-element_type=\"widget\" data-widget_type=\"image.default\">\n\t\t\t\t<div class=\"elementor-widget-container\">\n\t\t\t<style>\/*! elementor - v3.19.0 - 05-02-2024 *\/\n.elementor-widget-image{text-align:center}.elementor-widget-image a{display:inline-block}.elementor-widget-image a img[src$=\".svg\"]{width:48px}.elementor-widget-image img{vertical-align:middle;display:inline-block}<\/style>\t\t\t\t\t\t\t\t\t\t<img fetchpriority=\"high\" decoding=\"async\" width=\"1024\" height=\"768\" src=\"https:\/\/sahinlergyo.com\/gyo\/wp-content\/uploads\/2024\/04\/2-18-1024x768.jpg\" class=\"attachment-large size-large wp-image-17466\" alt=\"\" srcset=\"https:\/\/sahinlergyo.com\/gyo\/wp-content\/uploads\/2024\/04\/2-18-1024x768.jpg 1024w, https:\/\/sahinlergyo.com\/gyo\/wp-content\/uploads\/2024\/04\/2-18-300x225.jpg 300w, https:\/\/sahinlergyo.com\/gyo\/wp-content\/uploads\/2024\/04\/2-18-768x576.jpg 768w, https:\/\/sahinlergyo.com\/gyo\/wp-content\/uploads\/2024\/04\/2-18-592x444.jpg 592w, https:\/\/sahinlergyo.com\/gyo\/wp-content\/uploads\/2024\/04\/2-18-584x438.jpg 584w, https:\/\/sahinlergyo.com\/gyo\/wp-content\/uploads\/2024\/04\/2-18-800x600.jpg 800w, https:\/\/sahinlergyo.com\/gyo\/wp-content\/uploads\/2024\/04\/2-18-120x90.jpg 120w, https:\/\/sahinlergyo.com\/gyo\/wp-content\/uploads\/2024\/04\/2-18-496x372.jpg 496w, https:\/\/sahinlergyo.com\/gyo\/wp-content\/uploads\/2024\/04\/2-18.jpg 1170w\" sizes=\"(max-width: 1024px) 100vw, 1024px\" \/>\t\t\t\t\t\t\t\t\t\t\t\t\t<\/div>\n\t\t\t\t<\/div>\n\t\t<div class=\"elementor-element elementor-element-447e974 e-con-full e-flex e-con e-child\" data-id=\"447e974\" data-element_type=\"container\" data-settings=\"{&quot;content_width&quot;:&quot;full&quot;}\">\n\t\t\t\t<div class=\"elementor-element elementor-element-38994e2 elementor-widget elementor-widget-text-editor\" data-id=\"38994e2\" data-element_type=\"widget\" data-widget_type=\"text-editor.default\">\n\t\t\t\t<div class=\"elementor-widget-container\">\n\t\t\t<style>\/*! elementor - v3.19.0 - 05-02-2024 *\/\n.elementor-widget-text-editor.elementor-drop-cap-view-stacked .elementor-drop-cap{background-color:#69727d;color:#fff}.elementor-widget-text-editor.elementor-drop-cap-view-framed .elementor-drop-cap{color:#69727d;border:3px solid;background-color:transparent}.elementor-widget-text-editor:not(.elementor-drop-cap-view-default) .elementor-drop-cap{margin-top:8px}.elementor-widget-text-editor:not(.elementor-drop-cap-view-default) .elementor-drop-cap-letter{width:1em;height:1em}.elementor-widget-text-editor .elementor-drop-cap{float:left;text-align:center;line-height:1;font-size:50px}.elementor-widget-text-editor .elementor-drop-cap-letter{display:inline-block}<\/style>\t\t\t\t<p>\u00a0<\/p><p>Taahh\u00fct hizmetleri, genellikle bir m\u00fcteahhit firmas\u0131 veya in\u015faat \u015firketi ile bir m\u00fc\u015fteri veya proje sahibi aras\u0131nda yap\u0131lan bir anla\u015fma kapsam\u0131nda sunulan bir hizmet t\u00fcr\u00fcd\u00fcr. Bu hizmet, belirli bir in\u015faat projesini, taahh\u00fct edilen s\u00fcre i\u00e7inde belirlenen b\u00fct\u00e7e ve kalite standartlar\u0131na uygun bir \u015fekilde tamamlamay\u0131 i\u00e7erir. \u0130\u015fte taahh\u00fct hizmetlerinin ayr\u0131nt\u0131lar\u0131:<\/p>\t\t\t\t\t\t<\/div>\n\t\t\t\t<\/div>\n\t\t\t\t<\/div>\n\t\t\t\t\t<\/div>\n\t\t\t\t<\/div>\n\t\t<div class=\"elementor-element elementor-element-99f5efb e-flex e-con-boxed e-con e-parent\" data-id=\"99f5efb\" data-element_type=\"container\" data-settings=\"{&quot;content_width&quot;:&quot;boxed&quot;}\" data-core-v316-plus=\"true\">\n\t\t\t\t\t<div class=\"e-con-inner\">\n\t\t\t\t<div class=\"elementor-element elementor-element-153505a elementor-widget elementor-widget-text-editor\" data-id=\"153505a\" data-element_type=\"widget\" data-widget_type=\"text-editor.default\">\n\t\t\t\t<div class=\"elementor-widget-container\">\n\t\t\t\t\t\t\t<ol><li><strong>Proje De\u011ferlendirmesi:<\/strong><\/li><\/ol><p>Taahh\u00fct hizmetleri, \u00f6ncelikle m\u00fcteahhit firmas\u0131n\u0131n m\u00fc\u015fterisiyle yapt\u0131\u011f\u0131 proje de\u011ferlendirmesiyle ba\u015flar. Bu a\u015famada, projenin kapsam\u0131, b\u00fct\u00e7esi, s\u00fcresi ve gereksinimleri detayl\u0131 bir \u015fekilde incelenir.<\/p>\t\t\t\t\t\t<\/div>\n\t\t\t\t<\/div>\n\t\t\t\t\t<\/div>\n\t\t\t\t<\/div>\n\t\t<div class=\"elementor-element elementor-element-2965314 e-flex e-con-boxed e-con e-parent\" data-id=\"2965314\" data-element_type=\"container\" data-settings=\"{&quot;content_width&quot;:&quot;boxed&quot;}\" data-core-v316-plus=\"true\">\n\t\t\t\t\t<div class=\"e-con-inner\">\n\t\t\t\t<div class=\"elementor-element elementor-element-fd20958 elementor-widget elementor-widget-text-editor\" data-id=\"fd20958\" data-element_type=\"widget\" data-widget_type=\"text-editor.default\">\n\t\t\t\t<div class=\"elementor-widget-container\">\n\t\t\t\t\t\t\t<ol start=\"2\"><li><strong>Teklif Haz\u0131rlama:<\/strong><\/li><\/ol><p>Proje de\u011ferlendirmesi sonucunda, m\u00fcteahhit firma m\u00fc\u015fteriye bir teklif sunar. Teklif, projenin maliyeti, s\u00fcresi, kullan\u0131lacak malzemeler, i\u015f g\u00fcc\u00fc ve di\u011fer detaylar\u0131 i\u00e7erir.<\/p>\t\t\t\t\t\t<\/div>\n\t\t\t\t<\/div>\n\t\t\t\t\t<\/div>\n\t\t\t\t<\/div>\n\t\t<div class=\"elementor-element elementor-element-f8fa809 e-flex e-con-boxed e-con e-parent\" data-id=\"f8fa809\" data-element_type=\"container\" data-settings=\"{&quot;content_width&quot;:&quot;boxed&quot;}\" data-core-v316-plus=\"true\">\n\t\t\t\t\t<div class=\"e-con-inner\">\n\t\t<div class=\"elementor-element elementor-element-3e5283f e-con-full e-flex e-con e-child\" data-id=\"3e5283f\" data-element_type=\"container\" data-settings=\"{&quot;content_width&quot;:&quot;full&quot;}\">\n\t\t\t\t<div class=\"elementor-element elementor-element-81f22c9 elementor-widget elementor-widget-text-editor\" data-id=\"81f22c9\" data-element_type=\"widget\" data-widget_type=\"text-editor.default\">\n\t\t\t\t<div class=\"elementor-widget-container\">\n\t\t\t\t\t\t\t<ol start=\"3\"><li><strong>S\u00f6zle\u015fme ve Taahh\u00fctname:<\/strong><\/li><\/ol><p>M\u00fc\u015fteri, teklifi de\u011ferlendirdikten sonra, m\u00fcteahhit firma ile bir s\u00f6zle\u015fme imzalar. Bu s\u00f6zle\u015fme, projenin detaylar\u0131n\u0131, taahh\u00fct edilen b\u00fct\u00e7eyi, s\u00fcreyi, kalite standartlar\u0131n\u0131 ve di\u011fer \u00f6nemli \u015fartlar\u0131 i\u00e7erir.<\/p>\t\t\t\t\t\t<\/div>\n\t\t\t\t<\/div>\n\t\t\t\t<\/div>\n\t\t\t\t<div class=\"elementor-element elementor-element-54434b1 elementor-widget elementor-widget-image\" data-id=\"54434b1\" data-element_type=\"widget\" data-widget_type=\"image.default\">\n\t\t\t\t<div class=\"elementor-widget-container\">\n\t\t\t\t\t\t\t\t\t\t\t\t\t<img decoding=\"async\" width=\"300\" height=\"225\" src=\"https:\/\/sahinlergyo.com\/gyo\/wp-content\/uploads\/2024\/04\/9-300x225.jpg\" class=\"attachment-medium size-medium wp-image-17473\" alt=\"\" srcset=\"https:\/\/sahinlergyo.com\/gyo\/wp-content\/uploads\/2024\/04\/9-300x225.jpg 300w, https:\/\/sahinlergyo.com\/gyo\/wp-content\/uploads\/2024\/04\/9-1024x768.jpg 1024w, https:\/\/sahinlergyo.com\/gyo\/wp-content\/uploads\/2024\/04\/9-768x576.jpg 768w, https:\/\/sahinlergyo.com\/gyo\/wp-content\/uploads\/2024\/04\/9-592x444.jpg 592w, https:\/\/sahinlergyo.com\/gyo\/wp-content\/uploads\/2024\/04\/9-584x438.jpg 584w, https:\/\/sahinlergyo.com\/gyo\/wp-content\/uploads\/2024\/04\/9-800x600.jpg 800w, https:\/\/sahinlergyo.com\/gyo\/wp-content\/uploads\/2024\/04\/9-120x90.jpg 120w, https:\/\/sahinlergyo.com\/gyo\/wp-content\/uploads\/2024\/04\/9-496x372.jpg 496w, https:\/\/sahinlergyo.com\/gyo\/wp-content\/uploads\/2024\/04\/9.jpg 1170w\" sizes=\"(max-width: 300px) 100vw, 300px\" \/>\t\t\t\t\t\t\t\t\t\t\t\t\t<\/div>\n\t\t\t\t<\/div>\n\t\t\t\t\t<\/div>\n\t\t\t\t<\/div>\n\t\t<div class=\"elementor-element elementor-element-3580795 e-flex e-con-boxed e-con e-parent\" data-id=\"3580795\" data-element_type=\"container\" data-settings=\"{&quot;content_width&quot;:&quot;boxed&quot;}\" data-core-v316-plus=\"true\">\n\t\t\t\t\t<div class=\"e-con-inner\">\n\t\t\t\t<div class=\"elementor-element elementor-element-2c29baa elementor-widget elementor-widget-text-editor\" data-id=\"2c29baa\" data-element_type=\"widget\" data-widget_type=\"text-editor.default\">\n\t\t\t\t<div class=\"elementor-widget-container\">\n\t\t\t\t\t\t\t<ol start=\"4\"><li><strong>Proje Y\u00f6netimi:<\/strong><\/li><\/ol><p>Taahh\u00fct hizmetleri s\u00fcrecinde, m\u00fcteahhit firma proje y\u00f6netimini \u00fcstlenir. Bu, i\u015f g\u00fcc\u00fcn\u00fcn planlanmas\u0131, malzeme temini, alt y\u00fcklenicilerle koordinasyon ve s\u00fcrekli ilerleme raporlamas\u0131 gibi faaliyetleri i\u00e7erir.<\/p>\t\t\t\t\t\t<\/div>\n\t\t\t\t<\/div>\n\t\t\t\t\t<\/div>\n\t\t\t\t<\/div>\n\t\t<div class=\"elementor-element elementor-element-f87fa9c e-flex e-con-boxed e-con e-parent\" data-id=\"f87fa9c\" data-element_type=\"container\" data-settings=\"{&quot;content_width&quot;:&quot;boxed&quot;}\" data-core-v316-plus=\"true\">\n\t\t\t\t\t<div class=\"e-con-inner\">\n\t\t\t\t<div class=\"elementor-element elementor-element-a1bb74e elementor-widget elementor-widget-text-editor\" data-id=\"a1bb74e\" data-element_type=\"widget\" data-widget_type=\"text-editor.default\">\n\t\t\t\t<div class=\"elementor-widget-container\">\n\t\t\t\t\t\t\t<ol start=\"5\"><li><strong>B\u00fct\u00e7e Kontrol\u00fc:<\/strong><\/li><\/ol><p>M\u00fcteahhit firma, taahh\u00fct edilen b\u00fct\u00e7eyi kontrol alt\u0131nda tutar ve projenin maliyetlerini d\u00fczenli olarak izler. Herhangi bir de\u011fi\u015fiklik durumunda m\u00fc\u015fteri ile ileti\u015fim kurarak uygun d\u00fczenlemeleri yapar.<\/p>\t\t\t\t\t\t<\/div>\n\t\t\t\t<\/div>\n\t\t\t\t\t<\/div>\n\t\t\t\t<\/div>\n\t\t<div class=\"elementor-element elementor-element-12144c9 e-flex e-con-boxed e-con e-parent\" data-id=\"12144c9\" data-element_type=\"container\" data-settings=\"{&quot;content_width&quot;:&quot;boxed&quot;}\" data-core-v316-plus=\"true\">\n\t\t\t\t\t<div class=\"e-con-inner\">\n\t\t\t\t<div class=\"elementor-element elementor-element-3391330 elementor-widget elementor-widget-text-editor\" data-id=\"3391330\" data-element_type=\"widget\" data-widget_type=\"text-editor.default\">\n\t\t\t\t<div class=\"elementor-widget-container\">\n\t\t\t\t\t\t\t<ol start=\"6\"><li><strong>Kalite Kontrol\u00fc:<\/strong><\/li><\/ol><p>Projenin tamamlanmas\u0131nda kalite standartlar\u0131n\u0131 sa\u011flamak i\u00e7in m\u00fcteahhit firma s\u00fcrekli olarak kalite kontrol\u00fc yapar. \u0130n\u015faat i\u015flemleri, yerine getirilen standartlara uygunlu\u011fa g\u00f6re d\u00fczenli olarak denetlenir.<\/p>\t\t\t\t\t\t<\/div>\n\t\t\t\t<\/div>\n\t\t\t\t\t<\/div>\n\t\t\t\t<\/div>\n\t\t<div class=\"elementor-element elementor-element-61fbb08 e-flex e-con-boxed e-con e-parent\" data-id=\"61fbb08\" data-element_type=\"container\" data-settings=\"{&quot;content_width&quot;:&quot;boxed&quot;}\" data-core-v316-plus=\"true\">\n\t\t\t\t\t<div class=\"e-con-inner\">\n\t\t\t\t<div class=\"elementor-element elementor-element-02c4faa elementor-widget elementor-widget-text-editor\" data-id=\"02c4faa\" data-element_type=\"widget\" data-widget_type=\"text-editor.default\">\n\t\t\t\t<div class=\"elementor-widget-container\">\n\t\t\t\t\t\t\t<ol start=\"7\"><li><strong>S\u00fcre Takibi ve Teslimat:<\/strong><\/li><\/ol><p>Projenin belirlenen s\u00fcre i\u00e7inde tamamlanmas\u0131 i\u00e7in s\u00fcrekli bir takip yap\u0131l\u0131r. Proje s\u00fcresinin sona ermesiyle birlikte, m\u00fcteahhit firma i\u015f sahibine projenin tamamlanm\u0131\u015f halini teslim eder.<\/p><p>Taahh\u00fct hizmetleri, m\u00fcteahhit firma ve m\u00fc\u015fteri aras\u0131nda kar\u015f\u0131l\u0131kl\u0131 g\u00fcvene dayal\u0131 bir i\u015fbirli\u011fi gerektiren bir s\u00fcre\u00e7tir. Bu hizmet modeli, projenin ba\u015far\u0131yla tamamlanmas\u0131n\u0131, b\u00fct\u00e7e ve s\u00fcre hedeflerine uyulmas\u0131n\u0131 sa\u011flamay\u0131 ama\u00e7lar.<\/p>\t\t\t\t\t\t<\/div>\n\t\t\t\t<\/div>\n\t\t\t\t\t<\/div>\n\t\t\t\t<\/div>\n\t\t\t\t<\/div>\n\t\t","protected":false},"excerpt":{"rendered":"<p>\u00a0 Taahh\u00fct hizmetleri, genellikle bir m\u00fcteahhit firmas\u0131 veya in\u015faat \u015firketi ile bir m\u00fc\u015fteri veya proje sahibi aras\u0131nda yap\u0131lan bir anla\u015fma kapsam\u0131nda sunulan bir hizmet t\u00fcr\u00fcd\u00fcr. Bu hizmet, belirli bir in\u015faat projesini, taahh\u00fct edilen s\u00fcre i\u00e7inde belirlenen b\u00fct\u00e7e ve kalite standartlar\u0131na uygun bir \u015fekilde tamamlamay\u0131 i\u00e7erir. \u0130\u015fte taahh\u00fct hizmetlerinin ayr\u0131nt\u0131lar\u0131: Proje De\u011ferlendirmesi: Taahh\u00fct hizmetleri, \u00f6ncelikle m\u00fcteahhit [&hellip;]<\/p>\n","protected":false},"author":1,"featured_media":0,"parent":0,"menu_order":0,"comment_status":"closed","ping_status":"closed","template":"","meta":{"footnotes":""},"_links":{"self":[{"href":"https:\/\/sahinlergyo.com\/gyo\/wp-json\/wp\/v2\/pages\/17364"}],"collection":[{"href":"https:\/\/sahinlergyo.com\/gyo\/wp-json\/wp\/v2\/pages"}],"about":[{"href":"https:\/\/sahinlergyo.com\/gyo\/wp-json\/wp\/v2\/types\/page"}],"author":[{"embeddable":true,"href":"https:\/\/sahinlergyo.com\/gyo\/wp-json\/wp\/v2\/users\/1"}],"replies":[{"embeddable":true,"href":"https:\/\/sahinlergyo.com\/gyo\/wp-json\/wp\/v2\/comments?post=17364"}],"version-history":[{"count":7,"href":"https:\/\/sahinlergyo.com\/gyo\/wp-json\/wp\/v2\/pages\/17364\/revisions"}],"predecessor-version":[{"id":17479,"href":"https:\/\/sahinlergyo.com\/gyo\/wp-json\/wp\/v2\/pages\/17364\/revisions\/17479"}],"wp:attachment":[{"href":"https:\/\/sahinlergyo.com\/gyo\/wp-json\/wp\/v2\/media?parent=17364"}],"curies":[{"name":"wp","href":"https:\/\/api.w.org\/{rel}","templated":true}]}}