{"id":17382,"date":"2024-04-15T21:40:56","date_gmt":"2024-04-15T18:40:56","guid":{"rendered":"https:\/\/sahinlergyo.com\/gyo\/?page_id=17382"},"modified":"2024-04-18T01:06:59","modified_gmt":"2024-04-17T22:06:59","slug":"proje-cizimi-ve-mimarlik","status":"publish","type":"page","link":"https:\/\/sahinlergyo.com\/gyo\/proje-cizimi-ve-mimarlik\/","title":{"rendered":"Proje \u00c7izimi ve Mimarl\u0131k"},"content":{"rendered":"\t\t<div data-elementor-type=\"wp-page\" data-elementor-id=\"17382\" class=\"elementor elementor-17382\" data-elementor-post-type=\"page\">\n\t\t\t\t<div class=\"elementor-element elementor-element-2384c03 e-flex e-con-boxed e-con e-parent\" data-id=\"2384c03\" data-element_type=\"container\" data-settings=\"{&quot;content_width&quot;:&quot;boxed&quot;}\" data-core-v316-plus=\"true\">\n\t\t\t\t\t<div class=\"e-con-inner\">\n\t\t\t\t<div class=\"elementor-element elementor-element-4e869f4 elementor-widget elementor-widget-text-editor\" data-id=\"4e869f4\" data-element_type=\"widget\" data-widget_type=\"text-editor.default\">\n\t\t\t\t<div class=\"elementor-widget-container\">\n\t\t\t<style>\/*! elementor - v3.19.0 - 05-02-2024 *\/\n.elementor-widget-text-editor.elementor-drop-cap-view-stacked .elementor-drop-cap{background-color:#69727d;color:#fff}.elementor-widget-text-editor.elementor-drop-cap-view-framed .elementor-drop-cap{color:#69727d;border:3px solid;background-color:transparent}.elementor-widget-text-editor:not(.elementor-drop-cap-view-default) .elementor-drop-cap{margin-top:8px}.elementor-widget-text-editor:not(.elementor-drop-cap-view-default) .elementor-drop-cap-letter{width:1em;height:1em}.elementor-widget-text-editor .elementor-drop-cap{float:left;text-align:center;line-height:1;font-size:50px}.elementor-widget-text-editor .elementor-drop-cap-letter{display:inline-block}<\/style>\t\t\t\t<p>Proje \u00e7izimi ve mimarl\u0131k hizmetleri, bir yap\u0131n\u0131n tasar\u0131m\u0131n\u0131 ve planlamas\u0131n\u0131 ger\u00e7ekle\u015ftiren, estetik ve fonksiyonelli\u011fi bir araya getirerek in\u015faat s\u00fcrecini y\u00f6neten uzmanl\u0131k alanlar\u0131d\u0131r. Mimarlar, m\u00fc\u015fterilerin ihtiya\u00e7lar\u0131na uygun, \u00e7evresel etkileri g\u00f6z \u00f6n\u00fcnde bulunduran, g\u00fcvenli ve estetik olarak \u00e7ekici yap\u0131lar tasarlamak \u00fczere e\u011fitim alm\u0131\u015f profesyonellerdir. \u0130\u015fte proje \u00e7izimi ve mimarl\u0131k hizmetlerinin ana hatlar\u0131:<\/p>\t\t\t\t\t\t<\/div>\n\t\t\t\t<\/div>\n\t\t\t\t\t<\/div>\n\t\t\t\t<\/div>\n\t\t<div class=\"elementor-element elementor-element-4aa46c4 e-flex e-con-boxed e-con e-parent\" data-id=\"4aa46c4\" data-element_type=\"container\" data-settings=\"{&quot;content_width&quot;:&quot;boxed&quot;}\" data-core-v316-plus=\"true\">\n\t\t\t\t\t<div class=\"e-con-inner\">\n\t\t\t\t<div class=\"elementor-element elementor-element-536a18a elementor-widget elementor-widget-text-editor\" data-id=\"536a18a\" data-element_type=\"widget\" data-widget_type=\"text-editor.default\">\n\t\t\t\t<div class=\"elementor-widget-container\">\n\t\t\t\t\t\t\t<ol><li><strong>M\u00fc\u015fteri \u0130htiya\u00e7lar\u0131n\u0131n Belirlenmesi:<\/strong><\/li><\/ol><p>\u0130lk a\u015famada, mimarlar m\u00fc\u015fterileri ile bir araya gelir ve projenin amac\u0131n\u0131, kullan\u0131m gereksinimlerini, estetik tercihleri ve b\u00fct\u00e7e s\u0131n\u0131rlamalar\u0131n\u0131 belirler. Bu, projenin temel parametrelerini olu\u015fturur.<\/p>\t\t\t\t\t\t<\/div>\n\t\t\t\t<\/div>\n\t\t\t\t\t<\/div>\n\t\t\t\t<\/div>\n\t\t<div class=\"elementor-element elementor-element-36e83b8 e-flex e-con-boxed e-con e-parent\" data-id=\"36e83b8\" data-element_type=\"container\" data-settings=\"{&quot;content_width&quot;:&quot;boxed&quot;}\" data-core-v316-plus=\"true\">\n\t\t\t\t\t<div class=\"e-con-inner\">\n\t\t<div class=\"elementor-element elementor-element-5879b9d e-con-full e-flex e-con e-child\" data-id=\"5879b9d\" data-element_type=\"container\" data-settings=\"{&quot;content_width&quot;:&quot;full&quot;}\">\n\t\t\t\t<div class=\"elementor-element elementor-element-4dede8b elementor-widget elementor-widget-text-editor\" data-id=\"4dede8b\" data-element_type=\"widget\" data-widget_type=\"text-editor.default\">\n\t\t\t\t<div class=\"elementor-widget-container\">\n\t\t\t\t\t\t\t<ol start=\"2\"><li><strong>Site \u0130ncelemesi ve Analizi:<\/strong><\/li><\/ol><p>Mimarlar, tasar\u0131m yapacaklar\u0131 alan\u0131 inceleyerek topografik, iklimsel ve \u00e7evresel fakt\u00f6rleri de\u011ferlendirirler. Bu, tasar\u0131m\u0131n \u00e7evresel ko\u015fullara uyumlu olmas\u0131n\u0131 sa\u011flar.<\/p>\t\t\t\t\t\t<\/div>\n\t\t\t\t<\/div>\n\t\t\t\t<\/div>\n\t\t\t\t<div class=\"elementor-element elementor-element-02c86bf elementor-widget elementor-widget-image\" data-id=\"02c86bf\" data-element_type=\"widget\" data-widget_type=\"image.default\">\n\t\t\t\t<div class=\"elementor-widget-container\">\n\t\t\t<style>\/*! elementor - v3.19.0 - 05-02-2024 *\/\n.elementor-widget-image{text-align:center}.elementor-widget-image a{display:inline-block}.elementor-widget-image a img[src$=\".svg\"]{width:48px}.elementor-widget-image img{vertical-align:middle;display:inline-block}<\/style>\t\t\t\t\t\t\t\t\t\t<img fetchpriority=\"high\" decoding=\"async\" width=\"300\" height=\"225\" src=\"https:\/\/sahinlergyo.com\/gyo\/wp-content\/uploads\/2024\/04\/6-1-300x225.jpg\" class=\"attachment-medium size-medium wp-image-17470\" alt=\"\" srcset=\"https:\/\/sahinlergyo.com\/gyo\/wp-content\/uploads\/2024\/04\/6-1-300x225.jpg 300w, https:\/\/sahinlergyo.com\/gyo\/wp-content\/uploads\/2024\/04\/6-1-1024x768.jpg 1024w, https:\/\/sahinlergyo.com\/gyo\/wp-content\/uploads\/2024\/04\/6-1-768x576.jpg 768w, https:\/\/sahinlergyo.com\/gyo\/wp-content\/uploads\/2024\/04\/6-1-592x444.jpg 592w, https:\/\/sahinlergyo.com\/gyo\/wp-content\/uploads\/2024\/04\/6-1-584x438.jpg 584w, https:\/\/sahinlergyo.com\/gyo\/wp-content\/uploads\/2024\/04\/6-1-800x600.jpg 800w, https:\/\/sahinlergyo.com\/gyo\/wp-content\/uploads\/2024\/04\/6-1-120x90.jpg 120w, https:\/\/sahinlergyo.com\/gyo\/wp-content\/uploads\/2024\/04\/6-1-496x372.jpg 496w, https:\/\/sahinlergyo.com\/gyo\/wp-content\/uploads\/2024\/04\/6-1.jpg 1170w\" sizes=\"(max-width: 300px) 100vw, 300px\" \/>\t\t\t\t\t\t\t\t\t\t\t\t\t<\/div>\n\t\t\t\t<\/div>\n\t\t\t\t\t<\/div>\n\t\t\t\t<\/div>\n\t\t<div class=\"elementor-element elementor-element-39e7a8e e-flex e-con-boxed e-con e-parent\" data-id=\"39e7a8e\" data-element_type=\"container\" data-settings=\"{&quot;content_width&quot;:&quot;boxed&quot;}\" data-core-v316-plus=\"true\">\n\t\t\t\t\t<div class=\"e-con-inner\">\n\t\t\t\t<div class=\"elementor-element elementor-element-cc32787 elementor-widget elementor-widget-image\" data-id=\"cc32787\" data-element_type=\"widget\" data-widget_type=\"image.default\">\n\t\t\t\t<div class=\"elementor-widget-container\">\n\t\t\t\t\t\t\t\t\t\t\t\t\t<img decoding=\"async\" width=\"300\" height=\"225\" src=\"https:\/\/sahinlergyo.com\/gyo\/wp-content\/uploads\/2024\/04\/9-300x225.jpg\" class=\"attachment-medium size-medium wp-image-17473\" alt=\"\" srcset=\"https:\/\/sahinlergyo.com\/gyo\/wp-content\/uploads\/2024\/04\/9-300x225.jpg 300w, https:\/\/sahinlergyo.com\/gyo\/wp-content\/uploads\/2024\/04\/9-1024x768.jpg 1024w, https:\/\/sahinlergyo.com\/gyo\/wp-content\/uploads\/2024\/04\/9-768x576.jpg 768w, https:\/\/sahinlergyo.com\/gyo\/wp-content\/uploads\/2024\/04\/9-592x444.jpg 592w, https:\/\/sahinlergyo.com\/gyo\/wp-content\/uploads\/2024\/04\/9-584x438.jpg 584w, https:\/\/sahinlergyo.com\/gyo\/wp-content\/uploads\/2024\/04\/9-800x600.jpg 800w, https:\/\/sahinlergyo.com\/gyo\/wp-content\/uploads\/2024\/04\/9-120x90.jpg 120w, https:\/\/sahinlergyo.com\/gyo\/wp-content\/uploads\/2024\/04\/9-496x372.jpg 496w, https:\/\/sahinlergyo.com\/gyo\/wp-content\/uploads\/2024\/04\/9.jpg 1170w\" sizes=\"(max-width: 300px) 100vw, 300px\" \/>\t\t\t\t\t\t\t\t\t\t\t\t\t<\/div>\n\t\t\t\t<\/div>\n\t\t<div class=\"elementor-element elementor-element-db19699 e-con-full e-flex e-con e-child\" data-id=\"db19699\" data-element_type=\"container\" data-settings=\"{&quot;content_width&quot;:&quot;full&quot;}\">\n\t\t\t\t<div class=\"elementor-element elementor-element-49fbb08 elementor-widget elementor-widget-text-editor\" data-id=\"49fbb08\" data-element_type=\"widget\" data-widget_type=\"text-editor.default\">\n\t\t\t\t<div class=\"elementor-widget-container\">\n\t\t\t\t\t\t\t<ol start=\"3\"><li><strong>Tasar\u0131m ve Kavram Geli\u015ftirme:<\/strong><\/li><\/ol><p>Mimarlardan olu\u015fan bir ekip, m\u00fc\u015fteri ihtiya\u00e7lar\u0131 ve site analizine dayanarak tasar\u0131m kavramlar\u0131 olu\u015fturur. Estetik, fonksiyonellik ve g\u00fcvenlik ilkeleri g\u00f6zetilerek \u00e7e\u015fitli tasar\u0131m se\u00e7enekleri de\u011ferlendirilir.<\/p>\t\t\t\t\t\t<\/div>\n\t\t\t\t<\/div>\n\t\t\t\t<\/div>\n\t\t\t\t\t<\/div>\n\t\t\t\t<\/div>\n\t\t<div class=\"elementor-element elementor-element-ecf384a e-flex e-con-boxed e-con e-parent\" data-id=\"ecf384a\" data-element_type=\"container\" data-settings=\"{&quot;content_width&quot;:&quot;boxed&quot;}\" data-core-v316-plus=\"true\">\n\t\t\t\t\t<div class=\"e-con-inner\">\n\t\t\t\t<div class=\"elementor-element elementor-element-efd9cab elementor-widget elementor-widget-text-editor\" data-id=\"efd9cab\" data-element_type=\"widget\" data-widget_type=\"text-editor.default\">\n\t\t\t\t<div class=\"elementor-widget-container\">\n\t\t\t\t\t\t\t<ol start=\"4\"><li><strong>Teknik \u00c7izimlerin Olu\u015fturulmas\u0131:<\/strong><\/li><\/ol><p>Tasar\u0131m\u0131n kabul edilmesiyle, mimarlar teknik \u00e7izimlere ge\u00e7erler. Bu \u00e7izimler, in\u015faat ekibi taraf\u0131ndan anla\u015f\u0131labilir ve uygulanabilir detaylar\u0131 i\u00e7erir. Planlar, kesitler, detaylar ve di\u011fer teknik \u00e7izimler bu a\u015famada olu\u015fturulur.<\/p>\t\t\t\t\t\t<\/div>\n\t\t\t\t<\/div>\n\t\t\t\t\t<\/div>\n\t\t\t\t<\/div>\n\t\t<div class=\"elementor-element elementor-element-6fac3cd e-flex e-con-boxed e-con e-parent\" data-id=\"6fac3cd\" data-element_type=\"container\" data-settings=\"{&quot;content_width&quot;:&quot;boxed&quot;}\" data-core-v316-plus=\"true\">\n\t\t\t\t\t<div class=\"e-con-inner\">\n\t\t\t\t<div class=\"elementor-element elementor-element-f905eef elementor-widget elementor-widget-text-editor\" data-id=\"f905eef\" data-element_type=\"widget\" data-widget_type=\"text-editor.default\">\n\t\t\t\t<div class=\"elementor-widget-container\">\n\t\t\t\t\t\t\t<ol start=\"5\"><li><strong>\u0130n\u015faat \u0130zni ve Onaylar\u0131:<\/strong><\/li><\/ol><p>Olu\u015fturulan teknik \u00e7izimler, yerel otoritelerden gerekli in\u015faat izinleri ve onaylar\u0131 al\u0131nmas\u0131 i\u00e7in kullan\u0131l\u0131r. Bu a\u015fama, yasal uyumlulu\u011fun sa\u011flanmas\u0131 a\u00e7\u0131s\u0131ndan \u00f6nemlidir.<\/p>\t\t\t\t\t\t<\/div>\n\t\t\t\t<\/div>\n\t\t\t\t\t<\/div>\n\t\t\t\t<\/div>\n\t\t<div class=\"elementor-element elementor-element-1bdfdf1 e-flex e-con-boxed e-con e-parent\" data-id=\"1bdfdf1\" data-element_type=\"container\" data-settings=\"{&quot;content_width&quot;:&quot;boxed&quot;}\" data-core-v316-plus=\"true\">\n\t\t\t\t\t<div class=\"e-con-inner\">\n\t\t\t\t<div class=\"elementor-element elementor-element-58edc57 elementor-widget elementor-widget-text-editor\" data-id=\"58edc57\" data-element_type=\"widget\" data-widget_type=\"text-editor.default\">\n\t\t\t\t<div class=\"elementor-widget-container\">\n\t\t\t\t\t\t\t<ol start=\"6\"><li><strong>\u0130n\u015faat S\u00fcrecinin Y\u00f6netimi:<\/strong><\/li><\/ol><p>Proje onayland\u0131ktan sonra, mimarlar genellikle in\u015faat s\u00fcrecini y\u00f6netirler. Bu, tasar\u0131m\u0131n uygun bir \u015fekilde uygulanmas\u0131 ve herhangi bir sorunun h\u0131zla \u00e7\u00f6z\u00fclmesini i\u00e7erir.<\/p>\t\t\t\t\t\t<\/div>\n\t\t\t\t<\/div>\n\t\t\t\t\t<\/div>\n\t\t\t\t<\/div>\n\t\t<div class=\"elementor-element elementor-element-061a788 e-flex e-con-boxed e-con e-parent\" data-id=\"061a788\" data-element_type=\"container\" data-settings=\"{&quot;content_width&quot;:&quot;boxed&quot;}\" data-core-v316-plus=\"true\">\n\t\t\t\t\t<div class=\"e-con-inner\">\n\t\t\t\t<div class=\"elementor-element elementor-element-54403a1 elementor-widget elementor-widget-text-editor\" data-id=\"54403a1\" data-element_type=\"widget\" data-widget_type=\"text-editor.default\">\n\t\t\t\t<div class=\"elementor-widget-container\">\n\t\t\t\t\t\t\t<ol start=\"7\"><li><strong>Estetik ve Fonksiyonellik:<\/strong><\/li><\/ol><p>Mimarlar, sadece binalar\u0131n estetik g\u00f6r\u00fcn\u00fc\u015f\u00fcn\u00fc de\u011fil, ayn\u0131 zamanda i\u00e7 mekan d\u00fczenlemelerini, i\u015flevsellik ve kullan\u0131labilirli\u011fi de planlarlar. Kullan\u0131c\u0131lar\u0131n ihtiya\u00e7lar\u0131n\u0131 ve konforunu g\u00f6z \u00f6n\u00fcnde bulundurarak mekanlar\u0131n en iyi \u015fekilde kullan\u0131lmas\u0131n\u0131 sa\u011flarlar.<\/p>\t\t\t\t\t\t<\/div>\n\t\t\t\t<\/div>\n\t\t\t\t\t<\/div>\n\t\t\t\t<\/div>\n\t\t<div class=\"elementor-element elementor-element-3eb5aed e-flex e-con-boxed e-con e-parent\" data-id=\"3eb5aed\" data-element_type=\"container\" data-settings=\"{&quot;content_width&quot;:&quot;boxed&quot;}\" data-core-v316-plus=\"true\">\n\t\t\t\t\t<div class=\"e-con-inner\">\n\t\t\t\t<div class=\"elementor-element elementor-element-95ce17f elementor-widget elementor-widget-text-editor\" data-id=\"95ce17f\" data-element_type=\"widget\" data-widget_type=\"text-editor.default\">\n\t\t\t\t<div class=\"elementor-widget-container\">\n\t\t\t\t\t\t\t<ol start=\"8\"><li><strong>S\u00fcrd\u00fcr\u00fclebilirlik ve Enerji Verimlili\u011fi:<\/strong><\/li><\/ol><p>Modern mimarl\u0131k, s\u00fcrd\u00fcr\u00fclebilirlik ve enerji verimlili\u011fi konular\u0131na odaklan\u0131r. Mimarlar, \u00e7evresel etkileri azaltacak ve enerji tasarrufu sa\u011flayacak tasar\u0131m \u00f6\u011felerini entegre ederler.<\/p><p>Proje \u00e7izimi ve mimarl\u0131k hizmetleri, ba\u015flang\u0131\u00e7tan biti\u015fe kadar bir yap\u0131n\u0131n ya\u015fam d\u00f6ng\u00fcs\u00fc boyunca \u00e7e\u015fitli a\u015famalarda \u00f6nemli bir rol oynar. Bu hizmetler, m\u00fc\u015fterilerin hayallerini ger\u00e7e\u011fe d\u00f6n\u00fc\u015ft\u00fcrmelerine, fonksiyonel ve estetik olarak tatmin edici binalar in\u015fa etmelerine yard\u0131mc\u0131 olur.<\/p>\t\t\t\t\t\t<\/div>\n\t\t\t\t<\/div>\n\t\t\t\t\t<\/div>\n\t\t\t\t<\/div>\n\t\t\t\t<\/div>\n\t\t","protected":false},"excerpt":{"rendered":"<p>Proje \u00e7izimi ve mimarl\u0131k hizmetleri, bir yap\u0131n\u0131n tasar\u0131m\u0131n\u0131 ve planlamas\u0131n\u0131 ger\u00e7ekle\u015ftiren, estetik ve fonksiyonelli\u011fi bir araya getirerek in\u015faat s\u00fcrecini y\u00f6neten uzmanl\u0131k alanlar\u0131d\u0131r. Mimarlar, m\u00fc\u015fterilerin ihtiya\u00e7lar\u0131na uygun, \u00e7evresel etkileri g\u00f6z \u00f6n\u00fcnde bulunduran, g\u00fcvenli ve estetik olarak \u00e7ekici yap\u0131lar tasarlamak \u00fczere e\u011fitim alm\u0131\u015f profesyonellerdir. \u0130\u015fte proje \u00e7izimi ve mimarl\u0131k hizmetlerinin ana hatlar\u0131: M\u00fc\u015fteri \u0130htiya\u00e7lar\u0131n\u0131n Belirlenmesi: \u0130lk a\u015famada, [&hellip;]<\/p>\n","protected":false},"author":1,"featured_media":0,"parent":0,"menu_order":0,"comment_status":"closed","ping_status":"closed","template":"","meta":{"footnotes":""},"_links":{"self":[{"href":"https:\/\/sahinlergyo.com\/gyo\/wp-json\/wp\/v2\/pages\/17382"}],"collection":[{"href":"https:\/\/sahinlergyo.com\/gyo\/wp-json\/wp\/v2\/pages"}],"about":[{"href":"https:\/\/sahinlergyo.com\/gyo\/wp-json\/wp\/v2\/types\/page"}],"author":[{"embeddable":true,"href":"https:\/\/sahinlergyo.com\/gyo\/wp-json\/wp\/v2\/users\/1"}],"replies":[{"embeddable":true,"href":"https:\/\/sahinlergyo.com\/gyo\/wp-json\/wp\/v2\/comments?post=17382"}],"version-history":[{"count":7,"href":"https:\/\/sahinlergyo.com\/gyo\/wp-json\/wp\/v2\/pages\/17382\/revisions"}],"predecessor-version":[{"id":17488,"href":"https:\/\/sahinlergyo.com\/gyo\/wp-json\/wp\/v2\/pages\/17382\/revisions\/17488"}],"wp:attachment":[{"href":"https:\/\/sahinlergyo.com\/gyo\/wp-json\/wp\/v2\/media?parent=17382"}],"curies":[{"name":"wp","href":"https:\/\/api.w.org\/{rel}","templated":true}]}}